se 5*c + 2*u = 21, -3*u = 4*c - 4*u - 9. Let f be c*(-1)/((-3)/(-21)). Is 2/(24/(-188))*f a prime number?
False
Let y(i) = -13*i**3 + 8*i**2 + 12*i + 9. Is y(-4) a prime number?
False
Suppose -12 = -3*b, -v - 16*b + 12*b = -5601. Is v a composite number?
True
Let o(n) = -n**2 - 7*n + 2. Let p be o(-7). Let b(y) = -33 + 28 + 2*y + 2*y**p - y**2. Is b(4) prime?
True
Suppose 90*a - 91*a + 164 = 0. Let w = a + 155. Is w prime?
False
Let t be ((-3 - -1) + 16/12)*-15. Is (0 - (-818)/(-1))/((-20)/t) prime?
True
Suppose 2*p - 5 = 3*r, 2 = -4*r + 4*p - 2. Is 7392/40 + r/(-15) a prime number?
False
Let p(z) = -3*z**3 + 20*z**2 + 31*z + 43. Is p(-13) a composite number?
True
Let j(t) = -374*t + 6. Let f be j(-9). Suppose y + 3*b - 2499 = 4*y, 0 = -4*y - 4*b - f. Let o = 1193 + y. Is o a prime number?
False
Let r(g) = -g**3 - 8*g**2 + 17*g + 2. Let c be r(7). Is (4 - 5) + -2 - c composite?
True
Suppose 11*c - 2*c = 63. Suppose -c*z - 1744 = -15*z. Is z prime?
False
Suppose 5752 + 4877 = o + 5*z, 5*z = 2*o - 21288. Is o composite?
False
Suppose 0 = 4*o - 3*o. Suppose o = -4*v + 4, 0 = -2*s + 3*s + 2*v - 6. Suppose s*l - 3*l - 83 = 0. Is l composite?
False
Suppose 6*o - o = 90. Let c = o + 53. Is c a prime number?
True
Suppose 2*v = -0*v. Suppose i + 10 + 11 = v. Let d = i - -31. Is d prime?
False
Suppose -12*x + 9*x + 969 = 0. Suppose 4*f = 4*m - 1356, -f - 2*f = m - x. Is m a prime number?
False
Let m = 51 + -102. Is -4 - -2 - (-2 + m) a composite number?
True
Let g(d) = -123*d**2 + 5*d + 377*d**2 - 4*d. Let k be g(1). Let w = -137 + k. Is w composite?
True
Suppose 2*x + 32 + 6 = -5*t, 39 = -5*t - x. Is 138*t/(-12) + -3 prime?
True
Let a(o) = -20142*o**3 + 3*o**2 - 2. Is a(-1) composite?
False
Suppose -5*r - 1141 = 429. Let b = r - -695. Is b composite?
True
Let v = 8486 + -4579. Is v a composite number?
False
Is 1 + 11/(-55) - (-5562)/10 a prime number?
True
Let m be -147 + 0 - 4/(-2). Suppose -5*o = -7*o - 36. Let s = o - m. Is s a prime number?
True
Let b(z) = 7*z**2 + 7*z - 14. Let t be b(-5). Let r be (3 + -5)/(4/(-6)). Is t + -3 + r + 1 a composite number?
False
Suppose -5*y + 3093 = -2*g, 2*g - 6*g = -4*y + 2472. Let c be (-1)/(-2 + 4/(20880/10434)). Let o = c - y. Is o a prime number?
True
Suppose -9 = -g + 17. Is g composite?
True
Suppose 4*a + 2 = x, 8*x - 5*x + 3*a = 6. Suppose -1431 = -5*o - h + 1204, 5*h + 1027 = x*o. Is o prime?
False
Let h = -14654 - -27543. Is h a composite number?
False
Let i(w) = 2*w + 2. Let z be i(0). Suppose -2*d - z*d + 572 = 0. Is d a prime number?
False
Let y = 89 - 95. Is ((-4 - y) + -3)*-253 a composite number?
True
Let s = 3530 + -1009. Is s prime?
True
Let o be (1 + -3)*(-22 + 14). Let k = o + -24. Is 5355/36 - 2/k prime?
True
Suppose 0 = 177*j - 185*j + 5744. Is j composite?
True
Suppose 3*m - 2*o = 1468 - 543, 2*m + o - 612 = 0. Is m a composite number?
False
Let s(q) = -q**3 - 4*q**2 + 5*q + 1. Let a be s(-5). Is (-3 - -4 - -72) + a a prime number?
False
Suppose 0 = l - 4*y - 408, 0 = -l + 2*y - 7*y + 372. Let s = -207 + l. Is s prime?
False
Suppose -3*z - 2 = 4*v, -8*z - 10 = -5*z - 4*v. Is 2465 + 0 + z + -2 + 1 prime?
False
Let t(w) = 109*w**2 - 4*w - 8. Let z be t(4). Let r = z + -1167. Is r a prime number?
False
Let n be 5*((-36)/15)/(-4). Suppose -4*y + n + 17 = 0. Suppose 0 = y*b - 4052 - 473. Is b prime?
False
Let b = -70 + 101. Let v = b + -29. Suppose 0 = w - 2, 2*o - 3*o = -v*w - 31. Is o composite?
True
Suppose -2*r - 52 = 14. Is (-57)/9*r + 2 a composite number?
False
Suppose 4*w + 36 - 56 = 0. Suppose 3*c - 2736 = -w*m, -2*m - 2*m = -c + 895. Is c a composite number?
False
Let a(n) = -4*n**3 - 3*n**2 + n + 2. Let s be a(-2). Let t = s - 13. Suppose -t*x = -x - 5532. Is x prime?
False
Let b = 131 - 129. Suppose -i = 2*o - 2, -3*o + 4 + 4 = 4*i. Suppose o = -b*s + 206 + 84. Is s composite?
True
Let h(f) = -2*f + 5. Let p be h(-3). Is -1*1*(-1705)/p prime?
False
Let p(r) = 7*r**2 - 3*r - 3. Let z = 11 + -7. Let s = -7 + z. Is p(s) a prime number?
False
Let j = 6 - 16. Suppose 6 = 2*i + 22. Is (j/i)/(3/1956) prime?
False
Let r be 3/(-2)*14/(-21). Suppose -m - 1528 = -3*s, 2*m + r = -1. Is s a composite number?
False
Let p(a) = a**3 - a**2 + a + 307. Let f be -3 - -1 - (-3 + 8). Let u be (f - -7)*2/(-4). Is p(u) a composite number?
False
Suppose 4*d - 1764 = -7*b + 2*b, -4*b = 2*d - 888. Let t = d - 245. Is t prime?
True
Let y(f) = 12*f**3 + 4*f**3 - f - 17*f**3 + 22. Suppose -10*v = -7*v. Is y(v) a prime number?
False
Is (5 - (4 + -6)) + 672 a composite number?
True
Let u(v) = 949*v**2 - 10*v + 15. Is u(2) prime?
False
Let u = 54 - 26. Let n be 455 - 7/(u/(-16)). Suppose 0 = -4*l - 5*m + n, -l + m - 4*m + 120 = 0. Is l a prime number?
False
Suppose 0 = 5*o + 4*y - 313644 - 79977, -2*o = -4*y - 157426. Is o prime?
True
Let k(z) = 3731*z**3 + 6*z**2 - 2*z - 1. Is k(1) a composite number?
True
Let h(j) = 27*j + 43. Is h(8) prime?
False
Is (-11)/((-33)/6) - -14595 composite?
True
Suppose 0 = 5*l + 76*f - 73*f - 329446, 0 = 5*l - f - 329458. Is l prime?
False
Let g = 12 - 11. Suppose -i = g, 3*x - 2*x = 2*i + 636. Is x prime?
False
Let h be (-167916)/16 - (-6)/8. Is (-9)/(-21) - h/63 prime?
True
Let f = -18 + 6. Let h be (-18)/(-15)*(-80)/f. Is ((-158)/h)/(1/(-4)) a prime number?
True
Let l(t) = -2*t**3 - 3*t**2 + 11*t + 12. Let u be l(-8). Suppose -4*d + 5*n = 47, d + 4*n = -3*d - 20. Is d/((-32)/u) + -2 composite?
True
Let w(l) = 2*l**3 - l**2 + l. Let u be w(1). Suppose -u*s - 83 + 905 = d, 2*d - 417 = -s. Is s a composite number?
False
Let t(m) = 249*m**2 + 6*m + 145. Is t(-8) composite?
False
Let g = -88 + 147. Let k = 152 + g. Is k a prime number?
True
Suppose 26*g = 20*g + 181122. Is g a prime number?
True
Let c = 6912 - 203. Is c composite?
False
Let k(p) be the third derivative of -p**4/24 + 5*p**3/6 - 7*p**2. Let u be k(3). Suppose -u*y = -179 - 135. Is y composite?
False
Suppose 4*i - 4 = 2*f + 24, -4*i - 2*f + 36 = 0. Suppose -219 = -j - 5*u, i*j - 4*j - 840 = -2*u. Is j a prime number?
False
Let w be (-2)/(-4)*102/(-17). Is -2 + 331/1 - (w - -3) composite?
True
Suppose 5*l + c + 15 = 0, -5*c + 2 + 3 = 5*l. Let t be (-1*16)/l + 1708. Let q = 2683 - t. Is q a composite number?
False
Suppose -2*p = 3*k - 0*k + 272, 3*p = -4*k - 408. Let i = p + 509. Is i composite?
False
Let u(z) = 24*z - 7. Suppose 0 = 3*f - 29 - 31. Let a be 4/(16/f) - 1. Is u(a) composite?
False
Let i(y) = 207*y**3 - 3*y**2 - y + 1. Let n be (-6)/39 + (-48)/26 + 4. Is i(n) a prime number?
False
Let j be 95/(-20) - (-2)/(-8). Let z be (j - -2)*1 - -1028. Suppose z + 30 = 5*c. Is c a composite number?
False
Suppose 0 = -4*q + 12350 - 4702. Suppose -q + 369 = -v. Is v a composite number?
False
Suppose 5*a + 655 = -710. Let b be a/(-7)*38/6. Let j = b - 44. Is j prime?
False
Let d(u) = 2*u**2 - 12*u + 8. Suppose -150 = -k - 5*m, -2*k + 61 + 211 = 3*m. Let p be k/14 - (-6)/(-21). Is d(p) a composite number?
True
Let t = 1406 + -1403. Suppose l + 5*k = 309 + 27, 3*k = -2*l + 679. Suppose -l = -3*u + z + t*z, -z - 113 = -u. Is u a composite number?
True
Let y = 114 - 103. Let i(p) = -4 + 7 + 35*p + 9. Is i(y) composite?
False
Suppose 419 = 14*l - 13*l. Is l a prime number?
True
Suppose -220963 + 41587 = -48*j. Is j a prime number?
False
Let a(l) = -l**2 - 4*l. Let j be a(-3). Suppose 3*w + 1770 = j*m, -m = w - 4*w - 580. Suppose 3*g - 4*z = m, 0 = g - z + 3*z - 205. Is g a composite number?
True
Let x(b) = 17*b**3 - 1. Let k be x(-1). Let m = k - -22. Suppose 0 = -3*o + m*j + 201, 2*o - 340 = -3*o + 5*j. Is o composite?
False
Let r = 101 + -99. Is (33/r)/((-15)/(-1510)) composite?
True
Let l = -6 + 3. Let n(z) = -5 + 19 - 24*z - 7. Is n(l) a prime number?
True
Let b = -40 - -28. Let i(l) = l**3 + 9*l**2 + l + 15. Let m be i(b). Let z = -175 - m. Is z a composite number?
True
Is (-80)/100 + (-71578)/(-10) a prime number?
False
Suppose 36 - 4 = u + 4*o, -29 = -2*u - o. Let v(z) be the first derivative of -z**4/4 + 5*z**3 - 8*z**2 - 5*z + 1. Is v(u) composite?
True
Let z(b) = -b**2 - 9*b + 12. Let y be z(-10). Let c(x) = 0 + 186*x + 1 - y + 2. Is c(1) a prime number?
False
Let c = -122 + 226. Suppose -c - 601 = -3*p. Is p a prime number?
False
Let p(h) = 5*h**2 + 2*h - 2. Let o be p(1). Let z(m) = m**3 + 7*m**2 - 4*m - 9. Is z(o)